 3*r + 92 = 0. What is the highest common divisor of q and a?
20
Suppose -120 = -4*k + k. Let n(o) = 2*o + 5. Let x be n(4). Suppose -5*f - 64 = -x*f. Calculate the greatest common divisor of f and k.
8
Let x(f) = -48*f + 2115. Let b be x(33). Calculate the highest common factor of b and 21.
3
Suppose 17*u - 2826 = -973. What is the highest common divisor of 10573 and u?
109
Suppose -f - 5*t = f - 101, 2*f = 5*t + 51. Let d = -256970 - -256974. What is the highest common divisor of d and f?
2
Let p(i) = 2*i**2 - 832*i + 4140. Let v be p(5). Let j be 3/(-9) + (-842)/(-6). What is the highest common divisor of v and j?
10
Let x be 5/(-200)*-8*45. Let n(u) = -31*u - 4. Let h be n(-1). What is the highest common factor of h and x?
9
Suppose 7*w - 8*w - 634 = 5*z, 0 = z - 5*w + 132. Let d = z + 145. Calculate the greatest common divisor of d and 36.
18
Let r(c) = -c**3 - c**2 - c - 6. Let j be r(0). Let i(g) = g**2 - g + 20. Let y be i(j). What is the greatest common divisor of 341 and y?
31
Let u = 299 + -180. Let p(h) = -h**2 + 53*h - 362. Let x be p(44). Calculate the greatest common factor of u and x.
17
Let i(s) = -s**2 - 19*s + 6. Let g be i(-19). Suppose -114 = -12*w + g*w. Calculate the highest common factor of 38 and w.
19
Let x = 255 - 115. Let j be (-1)/(-4) - 4/(96/(-114)). Suppose -2*g - 16 = 2*r - 62, j*r = 15. Calculate the greatest common divisor of g and x.
20
Let c be 6/14 + ((-4)/12)/((-189)/105786). What is the highest common factor of 13651 and c?
187
Let m = 30602 + -30478. What is the greatest common divisor of 12772 and m?
124
Suppose 217*z + 221*z = 414*z + 480. Let m = -423 + 853. What is the highest common factor of z and m?
10
Let l be (271 - 3)*(-1)/(-2). Let m = -83 + l. Calculate the highest common divisor of 68 and m.
17
Suppose 2*m + 3*m - 284 = -3*j, 3*j - 9 = 0. Let h = -56 + m. Let a be ((-2*19 - -2) + 4)*h. What is the greatest common divisor of a and 4?
4
Let k(q) = -10*q - 175. Let r be k(-34). Let t be -2 - (-1)/((-2)/(-8)). Suppose 0 = t*s - 44 + 14. Calculate the highest common factor of s and r.
15
Let i(v) be the second derivative of -3*v + 4*v**2 - 1/3*v**3 + 0 + 1/20*v**5 - 1/4*v**4. Let y be i(3). Calculate the greatest common factor of 22 and y.
2
Let q(p) = 2*p + 1. Let s be q(4). Let g be (2 - (-309)/12)*(-16)/(-6). Suppose 72*c - g*c = -54. What is the highest common factor of s and c?
9
Let n = 43 - -178. Let q be ((-136)/(-10))/(140/700). Calculate the highest common divisor of n and q.
17
Suppose -802 = 8*i - 2642. Let u = 82 - 62. What is the greatest common divisor of i and u?
10
Let q be (20/40)/(((-6)/(-1276))/3). Suppose 6*j - 23 = q. Let k be (-1)/(1/(-19) + 0). Calculate the highest common factor of k and j.
19
Suppose -5*y - 18*p = -16*p - 40, 95 = -19*p. Calculate the greatest common factor of 270 and y.
10
Let g(h) = -186*h - 2602. Let n be g(-15). What is the highest common divisor of 28 and n?
4
Let z(m) = -m**2 - 13*m + 69. Let j be z(-17). Let a be (74/j)/((-17)/(-102)). What is the highest common divisor of 12 and a?
12
Suppose 41*l = 13*l + 952. What is the greatest common factor of 2176 and l?
34
Let h(l) = 40*l + 890. Let y be h(16). Calculate the greatest common factor of y and 1360.
170
Suppose -31102 + 83582 = 10*u. What is the highest common divisor of u and 512?
128
Suppose 775*p = 778*p - 252. Let c = p - -36. Calculate the highest common factor of 24 and c.
24
Let g = 6 - 4. Suppose 5*t = -14*t + 38. Let k be 18 - (t + (-4 - g)). What is the greatest common factor of 55 and k?
11
Let p(z) = -30*z**2 - 1331*z - 16. Let g be p(-44). What is the highest common divisor of g and 871?
13
Suppose 0*m + 34 = 2*g + 4*m, -m + 36 = 3*g. Suppose i - 17 = g. What is the greatest common factor of 126 and i?
14
Suppose -31*b + 38*b = -32*b + 1131. What is the highest common divisor of 3103 and b?
29
Let i(r) = 17*r - 13*r - 1 + 54 - 7*r. Let k be i(17). Suppose -k*p + 6*d - d + 63 = 0, 3 = -d. What is the highest common factor of 36 and p?
12
Suppose -5*l = -16406 - 89. Suppose 13*v - 4033 = l. Calculate the greatest common divisor of 12 and v.
12
Let q = 4540 + -4327. Calculate the highest common divisor of q and 21.
3
Suppose -35 = -5*o - 0. Let y(l) = 44. Let i(n) = 2*n + 230. Let z(g) = -i(g) + 6*y(g). Let b be z(o). What is the greatest common factor of b and 50?
10
Suppose -5*v + 4*f + f = -70, -2*v = f - 31. Let m = -133 - -139. Suppose -47*j - m = -49*j. Calculate the greatest common factor of j and v.
3
Let w be -9448*15/(-30) - 6. Calculate the greatest common divisor of 14 and w.
14
Suppose -3*p + 3*f + 92037 = -0*f, -4*f - 92035 = -3*p. Calculate the greatest common divisor of p and 63.
63
Let f = -4420 + 4425. Let m(q) = -q - 7. Let h be m(-10). Suppose -h + 1 = -2*k. Calculate the greatest common divisor of f and k.
1
Let k be (-2 - -5) + (-9)/(-1). Suppose -w - k = -4*w. Suppose -2*n - 5*t + 93 = 0, 6*t = 4*t + 2. What is the greatest common factor of n and w?
4
Suppose -3*l - 689 = 14*r - 16*r, -l + 709 = 2*r. Suppose -13*k - r = -21*k. Suppose 5*f - 55 = -0*f. What is the greatest common divisor of f and k?
11
Suppose 3*d = 0, -4*d - d - 675 = -3*a. Let q be 2 - (-21)/(-28)*1288/(-138). Calculate the highest common factor of q and a.
9
Suppose -2*c = -4*f - 24, 92*c - 93*c - 5*f - 9 = 0. What is the highest common divisor of 171 and c?
3
Let l be ((-39)/(-37) + 76/(-1406))/(2/4). Calculate the greatest common factor of l and 866.
2
Suppose -163*z + 16368 = -115*z. What is the highest common factor of z and 110?
11
Suppose 3*p + 2*g - 1802 = g, -2*g + 1804 = 3*p. Suppose 2499*k + 5*n - 84 = 2497*k, -3*k + 3*n = 0. What is the highest common divisor of p and k?
12
Suppose -2*r + 4*r = 4. Let d be 2368/(-111)*9/(-6). What is the greatest common factor of r and d?
2
Let b(o) = -5061 + 84*o + 10114 - 5057. Let r be 2/(-5) + (-7)/(-5). Let k be b(r). What is the greatest common divisor of k and 20?
20
Suppose 690*a = 684*a + 6468. Let q = 1818 - a. Calculate the greatest common factor of 10 and q.
10
Suppose 27*g - 500 - 9999 - 22765 = 0. What is the highest common divisor of 462 and g?
154
Let n(s) = 6*s - 13. Let t be n(2). Let d be (-16 - ((t - 0) + 3))*-1. What is the greatest common divisor of d and 27?
9
Let a be (94*1/2)/1. Let t be 21244/(-678)*-18*(-2)/(-3). What is the greatest common divisor of t and a?
47
Suppose u - 11 = 3*o + 59, 0 = -5*u + o + 392. Let r be u - (-13 + 8 - (-1 + -3)). Calculate the greatest common factor of r and 32.
16
Suppose o - 238 - 299 = 0. Suppose 57 - o = -15*c. Calculate the greatest common factor of c and 160.
32
Let k = -246 + 249. Suppose 694 = 4*s - k*n, 0 = -4*s - n + 523 + 179. What is the greatest common factor of s and 7?
7
Suppose -103 - 87 = -3*y - 4*m, 155 = 2*y - 3*m. Suppose 2*r + k = y, 4*r - 175 = -r + 3*k. What is the greatest common factor of r and 5?
5
Let s = -41 - -171. Suppose 53*x - 54*x + 138 = 0. Let m = x - 86. Calculate the highest common divisor of m and s.
26
Let i = -19968 + 22804. Calculate the highest common divisor of 24 and i.
4
Suppose -7*t + 42 = -13*t. Let q be -3*-1*(t/(-3) + 1). Suppose 5*z - z = 20. Calculate the greatest common divisor of q and z.
5
Suppose -3*u + 3*n = -0*u - 72, 0 = -5*u - 4*n + 84. Let q(o) = 4*o**2 - 147*o + 53. Let w be q(37). What is the greatest common factor of u and w?
10
Let c be 5112*(3/14)/((-2)/(-14)). Calculate the greatest common factor of c and 18.
18
Suppose 2*r + 19464 = 10*l - 8*l, -16*l + 155864 = 3*r. What is the greatest common divisor of l and 20?
20
Suppose -5*v + 15 = n, -5*n - 3*v = -0*n - 31. Suppose 5*x + 60 = 5*o, -n*o + x - 4*x + 44 = 0. Calculate the greatest common factor of o and 130.
10
Let j(g) = -71*g**2 - 3*g + 72*g**2 - 94 + 0*g + 4*g. Let x be j(-11). Calculate the greatest common divisor of x and 2.
2
Let o(d) = 14*d + 3. Let i be o(1). Let z = -60 + i. Let p = z + 53. What is the greatest common divisor of p and 25?
5
Suppose -98 - 88 = -6*k. Suppose -5*b - 3*j = -k, -3*b - 6*j + 2*j = -12. Let i be 74 + 4/6*-3. What is the greatest common factor of b and i?
8
Suppose -3*b + 7 + 14 = 0. Suppose 0 = 4*c + 2*c + c. Suppose 5*u - 2*r = 181, c = 2*u + r + 2*r - 61. What is the highest common divisor of b and u?
7
Suppose -4*u + 14 = -3*w 